mposite number?
True
Is 24487 a composite number?
True
Is 6570613 composite?
True
Is 2136473 a prime number?
True
Is 17594979 a prime number?
False
Is 46692953 prime?
True
Is 52702523 a composite number?
True
Is 8783771 a prime number?
True
Is 10656499 a composite number?
True
Is 123 composite?
True
Is 5733203 a composite number?
True
Is 25106285 prime?
False
Is 47791 a composite number?
False
Is 2854799 a composite number?
False
Is 502856229 a prime number?
False
Is 1755679 a composite number?
True
Is 5653433 a composite number?
False
Is 608567 a prime number?
False
Is 25023373 a prime number?
True
Is 22416949 composite?
False
Is 18273337 prime?
True
Is 10464787 a composite number?
False
Is 5908081 composite?
False
Is 5791583 prime?
False
Is 16187809 a composite number?
True
Is 252847187 a prime number?
True
Is 6419807 composite?
False
Is 18114671 prime?
True
Is 38543903 composite?
False
Is 9272037 a prime number?
False
Is 32225651 a composite number?
False
Is 33140299 a composite number?
False
Is 7511381 composite?
False
Is 171146329 a composite number?
False
Is 14881589 a composite number?
False
Is 43629799 prime?
False
Is 1267999 composite?
False
Is 3392287 composite?
True
Is 119509415 composite?
True
Is 6283861 prime?
True
Is 112963 prime?
False
Is 12163519 prime?
True
Is 161034623 a prime number?
False
Is 18333661 a prime number?
True
Is 6506473 composite?
False
Is 20565161 a composite number?
True
Is 4792297 composite?
False
Is 5816393 a prime number?
False
Is 32012947 a prime number?
True
Is 670406111 prime?
True
Is 290201 composite?
False
Is 81173761 a composite number?
False
Is 48023821 a composite number?
False
Is 1429231 prime?
True
Is 76461349 composite?
False
Is 179387 a composite number?
True
Is 71364349 prime?
False
Is 93904231 composite?
False
Is 72728147 a prime number?
True
Is 10512717 a prime number?
False
Is 50716943 a prime number?
True
Is 4712773 prime?
False
Is 103858243 prime?
True
Is 83941727 a composite number?
True
Is 548806 a composite number?
True
Is 1248701 prime?
False
Is 295104779 prime?
False
Is 154601819 composite?
False
Is 46011731 prime?
False
Is 2820313 a prime number?
True
Is 22870021 a composite number?
False
Is 26252027 a prime number?
True
Is 20431 a prime number?
True
Is 718277 prime?
False
Is 16045583 a composite number?
False
Is 1692319 a prime number?
False
Is 1093991 a composite number?
False
Is 5577151 a composite number?
True
Is 247841 a composite number?
True
Is 34941331 composite?
False
Is 998915 prime?
False
Is 90556171 a prime number?
False
Is 39383833 prime?
True
Is 1135001 prime?
False
Is 14709605 composite?
True
Is 42615911 a prime number?
False
Is 51381461 a prime number?
False
Is 986670193 a composite number?
False
Is 587001511 prime?
True
Is 1506179 prime?
True
Is 62517269 a prime number?
True
Is 7558541 a prime number?
True
Is 1043093 prime?
False
Is 302723 composite?
False
Is 271306097 prime?
False
Is 25117685 a prime number?
False
Is 50980913 composite?
False
Is 26113229 prime?
True
Is 10054541 a prime number?
False
Is 74203709 a composite number?
False
Is 94054903 a composite number?
False
Is 89002957 a composite number?
False
Is 23065649 prime?
True
Is 48672537 a prime number?
False
Is 12551633 prime?
False
Is 171751273 prime?
True
Is 7673423 composite?
False
Is 16559249 a prime number?
False
Is 129434423 composite?
False
Is 9074861 a composite number?
False
Is 3391061 a prime number?
True
Is 28797479 prime?
True
Is 622301 composite?
False
Is 77632109 a composite number?
True
Is 2297213 a composite number?
False
Is 29120477 a composite number?
True
Is 26075143 a composite number?
True
Is 21733867 a prime number?
True
Is 1758527 a prime number?
True
Is 7201237 a composite number?
False
Is 2789651 prime?
False
Is 4889969 prime?
False
Is 1433983 composite?
True
Is 21481519 composite?
False
Is 408847 a prime number?
False
Is 65836781 prime?
True
Is 155414009 prime?
True
Is 4887067 a composite number?
True
Is 14178559 prime?
True
Is 16602781 composite?
True
Is 5740663 a composite number?
False
Is 2357521103 composite?
True
Is 440167351 a prime number?
False
Is 1728379 a prime number?
False
Is 2363143 composite?
True
Is 137717147 prime?
True
Is 412741 a composite number?
True
Is 26389091 a composite number?
True
Is 593827853 composite?
False
Is 1467589 a composite number?
False
Is 8929735 a composite number?
True
Is 5799767 a prime number?
True
Is 1216568377 a composite number?
True
Is 5614421 a prime number?
True
Is 2844173 a composite number?
True
Is 6726887 prime?
False
Is 753218 composite?
True
Is 2192749 prime?
False
Is 9608843 a prime number?
True
Is 203568769 composite?
False
Is 167035139 prime?
True
Is 10156567 composite?
True
Is 4230791 prime?
True
Is 459661 a composite number?
True
Is 37359649 composite?
False
Is 5962093 prime?
True
Is 85293371 prime?
False
Is 4789373 prime?
True
Is 4044317 prime?
False
Is 8379727 a composite number?
True
Is 1690789 prime?
False
Is 137681603 composite?
False
Is 18053771 prime?
True
Is 1134167 prime?
False
Is 1004862409 prime?
True
Is 64295759 a composite number?
True
Is 138487847 a composite number?
True
Is 12597857 prime?
False
Is 373531 a prime number?
False
Is 72020213 composite?
False
Is 37124279 composite?
False
Is 1866517 a prime number?
True
Is 26377685 a prime number?
False
Is 649219 a composite number?
True
Is 2453483 prime?
True
Is 6035879 a composite number?
True
Is 49578751 a composite number?
False
Is 82652017 composite?
True
Is 337145449 a prime number?
False
Is 10238113 a prime number?
True
Is 443416637 prime?
True
Is 350161723 a composite number?
False
Is 933013 prime?
False
Is 5190599 a prime number?
True
Is 811171 a prime number?
True
Is 62543743 composite?
True
Is 12325601 a composite number?
False
Is 3326923 a prime number?
False
Is 3765299 composite?
False
Is 31275719 a prime number?
True
Is 6252965 prime?
False
Is 1206019 composite?
True
Is 282709 composite?
True
Is 416723113 a composite number?
False
Is 19120913 prime?
False
Is 18157519 a composite number?
True
Is 13797293 composite?
False
Is 12637333 composite?
False
Is 663313151 a prime number?
False
Is 429103603 a composite number?
False
Is 60092579 prime?
True
Is 78677297 composite?
False
Is 3606059 composite?
False
Is 28533809 prime?
True
Is 144028069 a composite number?
True
Is 3659231 composite?
True
Is 14985055 prime?
False
Is 42333367 a prime number?
True
Is 1164043 composite?
False
Is 22731641 a prime number?
True
Is 6025279 composite?
True
Is 54143363 a composite number?
True
Is 5619067 a prime number?
False
Is 36506237 composite?
False
Is 16426369 composite?
True
Is 5788579 a composite number?
True
Is 38121773 prime?
True
Is 19285549 a prime number?
True
Is 9918091 a composite number?
False
Is 5154469 prime?
True
Is 146979815 composite?
True
Is 39999763 prime?
True
Is 9155203 a prime number?
False
Is 5763377 a prime number?
False
Is 1885193 a prime number?
False
Is 2483197 composite?
True
Is 12251245 composite?
True
Is 4881223 composite?
False
Is 150103373 composite?
True
Is 107633 a prime number?
False
Is 193667849 a prime number?
False
Is 3549149 prime?
False
Is 87469843 composite?
False
Is 108706489 composite?
False
Is 113998505 a composite number?
True
Is 170914921 prime?
True
Is 569321 a prime number?
True
Is 9275983 composite?
False
Is 209731169 a prime number?
False
Is 18260351 composite?
True
Is 41889202 prime?
False
Is 36092515 composite?
True
Is 15964183 composite?
True
Is 6653207 composite?
True
Is 5466829 a prime number?
True
Is 184878439 composite?
True
Is 768893321 composite?
True
Is 390581843 a composite number?
False
Is 58638597 composite?
True
Is 140773121 a prime number?
False
Is 60289771 composite?
True
Is 10914061 a composite number?
True
Is 47581051 a composite number?
True
Is 13948003 a prime number?
False
Is 1710553 a composite number?
True
Is 3310557 prime?
False
Is 35305527 prime?
False
Is 82108619 prime?
True
Is 80586173 prime?
True
Is 7789489 a prime number?
True
Is 283622221 prime?
True
Is 2060131 a prime number?
False
Is 171023261 a composite number?
False
Is 17998327 prime?
True
Is 10157621 a prime number?
False
Is 228671 a prime number?
False
Is 5010217 prime?
True
Is 4328671 a prime number?
True
Is 9232297 a prime number?
